t common divisor of 907 and 18719573.
907
What is the highest common divisor of 55956 and 20220?
12
What is the highest common divisor of 1863 and 33973047?
621
Calculate the highest common factor of 1917413 and 66551.
61
What is the highest common factor of 1023695 and 105?
5
What is the greatest common factor of 90580 and 2938027?
647
Calculate the greatest common factor of 17344957 and 49.
7
What is the greatest common divisor of 124191294 and 27?
3
What is the highest common divisor of 136 and 340637432?
136
Calculate the greatest common factor of 192 and 15292.
4
What is the highest common divisor of 185198 and 1037?
17
Calculate the highest common divisor of 768 and 2372892.
12
Calculate the greatest common divisor of 1795341 and 3.
3
Calculate the greatest common divisor of 742577 and 129591.
2057
Calculate the highest common divisor of 3868 and 106783876.
3868
Calculate the greatest common factor of 110 and 11626490.
10
What is the highest common factor of 442 and 93982902?
442
What is the greatest common factor of 10431617 and 9957?
3319
Calculate the greatest common factor of 89 and 120477431.
89
Calculate the highest common factor of 25710882 and 48.
6
Calculate the highest common divisor of 1356089 and 154.
7
Calculate the greatest common factor of 249712 and 17056.
16
Calculate the greatest common divisor of 21 and 252038724.
21
Calculate the greatest common divisor of 264 and 3286256.
8
Calculate the highest common factor of 3811751 and 959.
137
What is the highest common divisor of 74284062 and 6?
6
Calculate the greatest common divisor of 20955 and 4763715.
165
What is the greatest common factor of 409 and 20784153?
409
Calculate the greatest common factor of 2309608 and 756.
28
Calculate the greatest common divisor of 1860502 and 763.
7
What is the highest common divisor of 39359562 and 1002?
1002
Calculate the greatest common divisor of 1796 and 6286898.
898
Calculate the greatest common factor of 8547038 and 10.
2
What is the highest common divisor of 8413 and 528587?
179
Calculate the greatest common factor of 182 and 190242.
26
Calculate the greatest common divisor of 3690451 and 82.
41
Calculate the greatest common divisor of 19065346 and 7171.
71
Calculate the greatest common divisor of 5019021 and 454860.
1197
Calculate the highest common factor of 7 and 18681088.
1
What is the greatest common factor of 3773000 and 261250?
2750
What is the greatest common factor of 2400637 and 43433?
257
Calculate the highest common divisor of 475664 and 62304312.
7672
Calculate the highest common divisor of 2295 and 1123659.
27
Calculate the greatest common divisor of 3000974 and 14.
2
What is the greatest common factor of 1445813 and 3297?
157
What is the highest common divisor of 1170 and 6057714?
78
Calculate the greatest common divisor of 31 and 1570911.
1
Calculate the highest common divisor of 1981776 and 8904.
1272
Calculate the greatest common factor of 2078369725 and 12398.
6199
What is the greatest common divisor of 92 and 32019644?
4
What is the highest common divisor of 1625499 and 57513?
3027
Calculate the greatest common divisor of 360 and 11048976.
72
Calculate the highest common divisor of 36 and 182770824.
12
Calculate the highest common divisor of 49673 and 1425233.
3821
What is the highest common factor of 1608 and 15686241?
201
What is the greatest common factor of 2684 and 966972?
244
What is the greatest common factor of 1922910 and 1276?
22
What is the greatest common factor of 19201514 and 11514?
3838
What is the highest common factor of 110100510 and 3385?
3385
What is the highest common factor of 101229 and 342924?
123
Calculate the greatest common divisor of 2242116 and 1359.
9
Calculate the highest common factor of 154402175 and 100.
25
Calculate the greatest common factor of 20284 and 92180.
44
Calculate the highest common divisor of 1519636620 and 2220.
2220
What is the greatest common divisor of 147877938 and 5252?
2626
What is the greatest common divisor of 28440 and 1254060?
180
What is the greatest common divisor of 1451 and 102357893?
1451
Calculate the greatest common factor of 45166 and 539939.
2053
Calculate the highest common factor of 9151574 and 764.
382
What is the greatest common factor of 5223600 and 36?
36
What is the greatest common divisor of 1943782 and 150406?
958
What is the highest common divisor of 2833256 and 270?
2
Calculate the highest common divisor of 12918867 and 747.
249
Calculate the greatest common divisor of 1510 and 404440.
10
Calculate the greatest common divisor of 295955 and 143.
11
Calculate the greatest common divisor of 104342 and 1144514.
406
What is the greatest common divisor of 1908 and 27154444?
212
What is the greatest common divisor of 22264655 and 140?
35
What is the greatest common factor of 99 and 394847640?
99
What is the highest common factor of 71423 and 1463341?
1661
Calculate the greatest common factor of 3892130 and 3445640.
4510
What is the greatest common factor of 64851248 and 23408?
1232
Calculate the greatest common divisor of 65 and 42198923.
13
Calculate the highest common divisor of 103030648 and 56.
56
What is the highest common divisor of 9670 and 5110?
10
What is the greatest common divisor of 256030 and 35620?
10
What is the highest common divisor of 58045721 and 92?
23
What is the greatest common divisor of 99166796 and 4?
4
What is the greatest common factor of 4554 and 9898533?
207
What is the greatest common factor of 17 and 128491151?
17
What is the greatest common factor of 4446 and 985701?
57
What is the highest common factor of 168 and 116264424?
24
Calculate the greatest common factor of 3 and 161158521.
3
What is the greatest common divisor of 1633 and 2129363?
23
What is the highest common factor of 33440 and 12800?
160
What is the highest common factor of 292 and 9908728?
292
What is the greatest common divisor of 526272 and 1572?
12
What is the highest common divisor of 200551 and 5018?
13
What is the greatest common factor of 57949 and 2693543?
167
Calculate the highest common divisor of 5268 and 94443387.
1317
Calculate the highest common factor of 23295615 and 2280.
285
What is the highest common factor of 18 and 453062166?
6
What is the greatest common factor of 3419 and 1092189293?
3419
Calculate the greatest common divisor of 157602772 and 2318.
122
Calculate the highest common factor of 453 and 1238628387.
453
What is the highest common divisor of 12 and 8634666?
6
What is the highest common divisor of 963611 and 38896?
187
Calculate the highest common factor of 48078 and 1062.
18
Calculate the greatest common divisor of 367 and 1225950655.
367
What is the greatest common divisor of 175620256 and 1806?
602
Calculate the greatest common factor of 1292 and 962689549.
323
What is the greatest common factor of 22 and 769415702?
22
What is the greatest common divisor of 52881 and 732?
3
What is the greatest common divisor of 11684635 and 20?
5
Calculate the highest common divisor of 7410 and 11682112.
494
Calculate the greatest common factor of 59651281 and 11511.
1279
What is the highest common divisor of 10308 and 492?
12
Calculate the highest common divisor of 18912 and 288.
96
Calculate the highest common divisor of 396 and 278028.
36
Calculate the greatest common divisor of 13145382 and 108.
54
Calculate the greatest common divisor of 3472 and 31914841.
217
What is the greatest common divisor of 1143 and 11049?
381
What is the greatest common divisor of 13692 and 141332736?
1956
What is the greatest common factor of 76256203 and 3383?
3383
Calculate the highest common factor of 10 and 38696290.
10
What is the highest common factor of 1023235 and 1110?
185
Calculate the highest common divisor of 1582084 and 1876.
28
What is the greatest common divisor of 1219654 and 90226?
458
Calculate the greatest common divisor of 217054898 and 76.
38
Calculate the highest common factor of 2110 and 710753922.
422
Calculate the greatest common divisor of 175 and 30812005.
35
Calculate the highest common factor of 664 and 116152524.
332
What is the highest common factor of 80192 and 331744?
224
Calculate the highest common factor of 278134335 and 1578.
789
What is the highest common divisor of 51852 and 101820?
12
What is the highes